{"id":168,"date":"2020-02-03T19:06:07","date_gmt":"2020-02-03T18:06:07","guid":{"rendered":"http:\/\/eprcf33.fr\/?page_id=168"},"modified":"2025-09-29T00:57:21","modified_gmt":"2025-09-28T22:57:21","slug":"cartes-et-zonages-sous-sol-gironde","status":"publish","type":"page","link":"https:\/\/eprcf33.fr\/index.php\/cartes-et-zonages-sous-sol-gironde\/","title":{"rendered":"Cartes et Zonage"},"content":{"rendered":"[vc_row full_width=\u00a0\u00bbstretch_row\u00a0\u00bb wpex_fixed_bg=\u00a0\u00bbfixed\u00a0\u00bb css=\u00a0\u00bb.vc_custom_1758805306715{background-image: url(https:\/\/eprcf33.fr\/wp-content\/uploads\/2020\/03\/EPRCF-33-Carri\u00e8res-et-souterraines-et-falaises-des-gironde-cartographie-des-carri\u00e8res-4.jpg?id=816) !important;}\u00a0\u00bb][vc_column][vc_empty_space height=\u00a0\u00bb300px\u00a0\u00bb][vc_column_text color=\u00a0\u00bb#ffffff\u00a0\u00bb]\n<p style=\"text-align: center;\"><strong><span style=\"font-family: Roboto; font-size: 36px;\">CARTES ET ZONNAGES<\/span><\/strong><\/p>\n[\/vc_column_text][vc_empty_space height=\u00a0\u00bb120px\u00a0\u00bb][vc_row_inner][vc_column_inner width=\u00a0\u00bb1\/4&Prime; css=\u00a0\u00bb.vc_custom_1758803133225{background-color: rgba(222,214,204,0.5) !important;*background-color: rgb(222,214,204) !important;}\u00a0\u00bb][vc_empty_space][vc_column_text color=\u00a0\u00bb#cfff57&Prime;]\n<h3 style=\"text-align: center;\"><a href=\"https:\/\/eprcf33.fr\/index.php\/risque-et-urbanisme-carrieres-souterraines-et-falaise-gironde\/\"><span style=\"font-family: Roboto;\">Risque et Urbanisme des carri\u00e8res et des falaises en Gironde<\/span><\/a><\/h3>\n[\/vc_column_text][vc_empty_space][vc_empty_space][\/vc_column_inner][vc_column_inner width=\u00a0\u00bb1\/4&Prime; css=\u00a0\u00bb.vc_custom_1758803169985{background-color: rgba(178,214,69,0.5) !important;*background-color: rgb(178,214,69) !important;}\u00a0\u00bb][vc_empty_space][vc_column_text color=\u00a0\u00bb#ffffff\u00a0\u00bb]\n<h3 style=\"text-align: center;\"><a href=\"https:\/\/eprcf33.fr\/index.php\/cartes-des-carrieres-du-conseil-general-gironde\/\"><span style=\"font-family: Roboto;\">Cartes des carri\u00e8res et des falaises du conseil g\u00e9n\u00e9ral de Gironde<\/span><\/a><\/h3>\n[\/vc_column_text][vc_empty_space][vc_empty_space][\/vc_column_inner][vc_column_inner width=\u00a0\u00bb1\/4&Prime; css=\u00a0\u00bb.vc_custom_1758803147768{background-color: rgba(222,214,204,0.5) !important;*background-color: rgb(222,214,204) !important;}\u00a0\u00bb][vc_empty_space][vc_column_text color=\u00a0\u00bb#cfff57&Prime;]\n<h3 style=\"text-align: center;\"><a href=\"https:\/\/eprcf33.fr\/index.php\/pprmp-plans-de-prevention-des-risques-de-mouvements-de-terrain\/\"><span style=\"font-family: Roboto;\">PPRMT : Plans de Pr\u00e9vention des Risques du Mouvement de Terrain<\/span><\/a><\/h3>\n[\/vc_column_text][vc_empty_space][vc_empty_space][\/vc_column_inner][vc_column_inner width=\u00a0\u00bb1\/4&Prime; css=\u00a0\u00bb.vc_custom_1758803179930{background-color: rgba(178,214,69,0.5) !important;*background-color: rgb(178,214,69) !important;}\u00a0\u00bb][vc_empty_space][vc_column_text color=\u00a0\u00bb#ffffff\u00a0\u00bb]\n<h3 style=\"text-align: center;\"><a href=\"https:\/\/eprcf33.fr\/index.php\/pprmp-plans-de-prevention-des-risques-de-mouvements-de-terrain\/\"><span style=\"font-family: Roboto;\">PLU : Plan Locaux d&rsquo;Urbanisme des carri\u00e8res et falaises en Gironde<\/span><\/a><\/h3>\n[\/vc_column_text][vc_empty_space][vc_empty_space][\/vc_column_inner][\/vc_row_inner][\/vc_column][\/vc_row][vc_row][vc_column][vc_column_text]\n<h2 class=\"wp-block-heading\">Cartes et Zonages<\/h2>\n[\/vc_column_text][vc_empty_space][vc_column_text]\n<p>Vous trouverez dans cette section :<\/p>\n<ul>\n<li><a href=\"https:\/\/eprcf33.fr\/index.php\/cartes-des-carrieres-du-conseil-general-gironde\/\">les liens vers les cartes des carri\u00e8res produites par les services du D\u00e9partement<\/a><\/li>\n<li><a href=\"https:\/\/eprcf33.fr\/index.php\/pprmp-plans-de-prevention-des-risques-de-mouvements-de-terrain\/\">les PPRMT : Plans de Pr\u00e9vention des Risques naturels pr\u00e9visibles de Mouvements de Terrain<\/a><\/li>\n<li><a href=\"https:\/\/eprcf33.fr\/index.php\/plu-liens\/\">les PLU : Plans locaux d&rsquo;Urbanisme<\/a><\/li>\n<\/ul>\n[\/vc_column_text][\/vc_column][\/vc_row]\n","protected":false},"excerpt":{"rendered":"<p>[vc_row full_width=\u00a0\u00bbstretch_row\u00a0\u00bb wpex_fixed_bg=\u00a0\u00bbfixed\u00a0\u00bb css=\u00a0\u00bb.vc_custom_1758805306715{background-image: url(https:\/\/eprcf33.fr\/wp-content\/uploads\/2020\/03\/EPRCF-33-Carri\u00e8res-et-souterraines-et-falaises-des-gironde-cartographie-des-carri\u00e8res-4.jpg?id=816) !important;}\u00a0\u00bb][vc_column][vc_empty_space height=\u00a0\u00bb300px\u00a0\u00bb][vc_column_text color=\u00a0\u00bb#ffffff\u00a0\u00bb] CARTES ET ZONNAGES [\/vc_column_text][vc_empty_space height=\u00a0\u00bb120px\u00a0\u00bb][vc_row_inner][vc_column_inner width=\u00a0\u00bb1\/4&Prime; css=\u00a0\u00bb.vc_custom_1758803133225{background-color: rgba(222,214,204,0.5) !important;*background-color: rgb(222,214,204) !important;}\u00a0\u00bb][vc_empty_space][vc_column_text color=\u00a0\u00bb#cfff57&Prime;] Risque et Urbanisme des carri\u00e8res et des falaises en Gironde [\/vc_column_text][vc_empty_space][vc_empty_space][\/vc_column_inner][vc_column_inner width=\u00a0\u00bb1\/4&Prime; css=\u00a0\u00bb.vc_custom_1758803169985{background-color: rgba(178,214,69,0.5) !important;*background-color: rgb(178,214,69) !important;}\u00a0\u00bb][vc_empty_space][vc_column_text color=\u00a0\u00bb#ffffff\u00a0\u00bb] Cartes des&hellip;<\/p>\n","protected":false},"author":1,"featured_media":0,"parent":0,"menu_order":0,"comment_status":"closed","ping_status":"closed","template":"templates\/no-sidebar.php","meta":{"footnotes":""},"class_list":["post-168","page","type-page","status-publish","hentry","entry","no-media"],"yoast_head":"<!-- This site is optimized with the Yoast SEO plugin v23.3 - https:\/\/yoast.com\/wordpress\/plugins\/seo\/ -->\n<title>Cartes et Zonage - eprcf 33 carri\u00e8res souterraines et falaises de Gironde<\/title>\n<meta name=\"robots\" content=\"index, follow, max-snippet:-1, max-image-preview:large, max-video-preview:-1\" \/>\n<link rel=\"canonical\" href=\"https:\/\/eprcf33.fr\/index.php\/cartes-et-zonages-sous-sol-gironde\/\" \/>\n<meta property=\"og:locale\" content=\"fr_FR\" \/>\n<meta property=\"og:type\" content=\"article\" \/>\n<meta property=\"og:title\" content=\"Cartes et Zonage - eprcf 33 carri\u00e8res souterraines et falaises de Gironde\" \/>\n<meta property=\"og:description\" content=\"[vc_row full_width=\u00a0\u00bbstretch_row\u00a0\u00bb wpex_fixed_bg=\u00a0\u00bbfixed\u00a0\u00bb css=\u00a0\u00bb.vc_custom_1758805306715{background-image: url(https:\/\/eprcf33.fr\/wp-content\/uploads\/2020\/03\/EPRCF-33-Carri\u00e8res-et-souterraines-et-falaises-des-gironde-cartographie-des-carri\u00e8res-4.jpg?id=816) !important;}\u00a0\u00bb][vc_column][vc_empty_space height=\u00a0\u00bb300px\u00a0\u00bb][vc_column_text color=\u00a0\u00bb#ffffff\u00a0\u00bb] CARTES ET ZONNAGES [\/vc_column_text][vc_empty_space height=\u00a0\u00bb120px\u00a0\u00bb][vc_row_inner][vc_column_inner width=\u00a0\u00bb1\/4&Prime; css=\u00a0\u00bb.vc_custom_1758803133225{background-color: rgba(222,214,204,0.5) !important;*background-color: rgb(222,214,204) !important;}\u00a0\u00bb][vc_empty_space][vc_column_text color=\u00a0\u00bb#cfff57&Prime;] Risque et Urbanisme des carri\u00e8res et des falaises en Gironde [\/vc_column_text][vc_empty_space][vc_empty_space][\/vc_column_inner][vc_column_inner width=\u00a0\u00bb1\/4&Prime; css=\u00a0\u00bb.vc_custom_1758803169985{background-color: rgba(178,214,69,0.5) !important;*background-color: rgb(178,214,69) !important;}\u00a0\u00bb][vc_empty_space][vc_column_text color=\u00a0\u00bb#ffffff\u00a0\u00bb] Cartes des&hellip;\" \/>\n<meta property=\"og:url\" content=\"https:\/\/eprcf33.fr\/index.php\/cartes-et-zonages-sous-sol-gironde\/\" \/>\n<meta property=\"og:site_name\" content=\"eprcf 33 carri\u00e8res souterraines et falaises de Gironde\" \/>\n<meta property=\"article:modified_time\" content=\"2025-09-28T22:57:21+00:00\" \/>\n<meta name=\"twitter:card\" content=\"summary_large_image\" \/>\n<meta name=\"twitter:label1\" content=\"Dur\u00e9e de lecture estim\u00e9e\" \/>\n\t<meta name=\"twitter:data1\" content=\"1 minute\" \/>\n<script type=\"application\/ld+json\" class=\"yoast-schema-graph\">{\"@context\":\"https:\/\/schema.org\",\"@graph\":[{\"@type\":\"WebPage\",\"@id\":\"https:\/\/eprcf33.fr\/index.php\/cartes-et-zonages-sous-sol-gironde\/\",\"url\":\"https:\/\/eprcf33.fr\/index.php\/cartes-et-zonages-sous-sol-gironde\/\",\"name\":\"Cartes et Zonage - eprcf 33 carri\u00e8res souterraines et falaises de Gironde\",\"isPartOf\":{\"@id\":\"https:\/\/eprcf33.fr\/#website\"},\"datePublished\":\"2020-02-03T18:06:07+00:00\",\"dateModified\":\"2025-09-28T22:57:21+00:00\",\"breadcrumb\":{\"@id\":\"https:\/\/eprcf33.fr\/index.php\/cartes-et-zonages-sous-sol-gironde\/#breadcrumb\"},\"inLanguage\":\"fr-FR\",\"potentialAction\":[{\"@type\":\"ReadAction\",\"target\":[\"https:\/\/eprcf33.fr\/index.php\/cartes-et-zonages-sous-sol-gironde\/\"]}]},{\"@type\":\"BreadcrumbList\",\"@id\":\"https:\/\/eprcf33.fr\/index.php\/cartes-et-zonages-sous-sol-gironde\/#breadcrumb\",\"itemListElement\":[{\"@type\":\"ListItem\",\"position\":1,\"name\":\"Accueil\",\"item\":\"https:\/\/eprcf33.fr\/\"},{\"@type\":\"ListItem\",\"position\":2,\"name\":\"Cartes et Zonage\"}]},{\"@type\":\"WebSite\",\"@id\":\"https:\/\/eprcf33.fr\/#website\",\"url\":\"https:\/\/eprcf33.fr\/\",\"name\":\"eprcf 33 carri\u00e8res souterraines et falaises de Gironde\",\"description\":\"Un site utilisant WordPress\",\"publisher\":{\"@id\":\"https:\/\/eprcf33.fr\/#organization\"},\"potentialAction\":[{\"@type\":\"SearchAction\",\"target\":{\"@type\":\"EntryPoint\",\"urlTemplate\":\"https:\/\/eprcf33.fr\/?s={search_term_string}\"},\"query-input\":\"required name=search_term_string\"}],\"inLanguage\":\"fr-FR\"},{\"@type\":\"Organization\",\"@id\":\"https:\/\/eprcf33.fr\/#organization\",\"name\":\"eprcf 33 carri\u00e8res souterraines et falaises de Gironde\",\"url\":\"https:\/\/eprcf33.fr\/\",\"logo\":{\"@type\":\"ImageObject\",\"inLanguage\":\"fr-FR\",\"@id\":\"https:\/\/eprcf33.fr\/#\/schema\/logo\/image\/\",\"url\":\"https:\/\/eprcf33.fr\/wp-content\/uploads\/2025\/07\/EPRCF-33-carrieres-falaises-logo-header-.png\",\"contentUrl\":\"https:\/\/eprcf33.fr\/wp-content\/uploads\/2025\/07\/EPRCF-33-carrieres-falaises-logo-header-.png\",\"width\":425,\"height\":137,\"caption\":\"eprcf 33 carri\u00e8res souterraines et falaises de Gironde\"},\"image\":{\"@id\":\"https:\/\/eprcf33.fr\/#\/schema\/logo\/image\/\"}}]}<\/script>\n<!-- \/ Yoast SEO plugin. -->","yoast_head_json":{"title":"Cartes et Zonage - eprcf 33 carri\u00e8res souterraines et falaises de Gironde","robots":{"index":"index","follow":"follow","max-snippet":"max-snippet:-1","max-image-preview":"max-image-preview:large","max-video-preview":"max-video-preview:-1"},"canonical":"https:\/\/eprcf33.fr\/index.php\/cartes-et-zonages-sous-sol-gironde\/","og_locale":"fr_FR","og_type":"article","og_title":"Cartes et Zonage - eprcf 33 carri\u00e8res souterraines et falaises de Gironde","og_description":"[vc_row full_width=\u00a0\u00bbstretch_row\u00a0\u00bb wpex_fixed_bg=\u00a0\u00bbfixed\u00a0\u00bb css=\u00a0\u00bb.vc_custom_1758805306715{background-image: url(https:\/\/eprcf33.fr\/wp-content\/uploads\/2020\/03\/EPRCF-33-Carri\u00e8res-et-souterraines-et-falaises-des-gironde-cartographie-des-carri\u00e8res-4.jpg?id=816) !important;}\u00a0\u00bb][vc_column][vc_empty_space height=\u00a0\u00bb300px\u00a0\u00bb][vc_column_text color=\u00a0\u00bb#ffffff\u00a0\u00bb] CARTES ET ZONNAGES [\/vc_column_text][vc_empty_space height=\u00a0\u00bb120px\u00a0\u00bb][vc_row_inner][vc_column_inner width=\u00a0\u00bb1\/4&Prime; css=\u00a0\u00bb.vc_custom_1758803133225{background-color: rgba(222,214,204,0.5) !important;*background-color: rgb(222,214,204) !important;}\u00a0\u00bb][vc_empty_space][vc_column_text color=\u00a0\u00bb#cfff57&Prime;] Risque et Urbanisme des carri\u00e8res et des falaises en Gironde [\/vc_column_text][vc_empty_space][vc_empty_space][\/vc_column_inner][vc_column_inner width=\u00a0\u00bb1\/4&Prime; css=\u00a0\u00bb.vc_custom_1758803169985{background-color: rgba(178,214,69,0.5) !important;*background-color: rgb(178,214,69) !important;}\u00a0\u00bb][vc_empty_space][vc_column_text color=\u00a0\u00bb#ffffff\u00a0\u00bb] Cartes des&hellip;","og_url":"https:\/\/eprcf33.fr\/index.php\/cartes-et-zonages-sous-sol-gironde\/","og_site_name":"eprcf 33 carri\u00e8res souterraines et falaises de Gironde","article_modified_time":"2025-09-28T22:57:21+00:00","twitter_card":"summary_large_image","twitter_misc":{"Dur\u00e9e de lecture estim\u00e9e":"1 minute"},"schema":{"@context":"https:\/\/schema.org","@graph":[{"@type":"WebPage","@id":"https:\/\/eprcf33.fr\/index.php\/cartes-et-zonages-sous-sol-gironde\/","url":"https:\/\/eprcf33.fr\/index.php\/cartes-et-zonages-sous-sol-gironde\/","name":"Cartes et Zonage - eprcf 33 carri\u00e8res souterraines et falaises de Gironde","isPartOf":{"@id":"https:\/\/eprcf33.fr\/#website"},"datePublished":"2020-02-03T18:06:07+00:00","dateModified":"2025-09-28T22:57:21+00:00","breadcrumb":{"@id":"https:\/\/eprcf33.fr\/index.php\/cartes-et-zonages-sous-sol-gironde\/#breadcrumb"},"inLanguage":"fr-FR","potentialAction":[{"@type":"ReadAction","target":["https:\/\/eprcf33.fr\/index.php\/cartes-et-zonages-sous-sol-gironde\/"]}]},{"@type":"BreadcrumbList","@id":"https:\/\/eprcf33.fr\/index.php\/cartes-et-zonages-sous-sol-gironde\/#breadcrumb","itemListElement":[{"@type":"ListItem","position":1,"name":"Accueil","item":"https:\/\/eprcf33.fr\/"},{"@type":"ListItem","position":2,"name":"Cartes et Zonage"}]},{"@type":"WebSite","@id":"https:\/\/eprcf33.fr\/#website","url":"https:\/\/eprcf33.fr\/","name":"eprcf 33 carri\u00e8res souterraines et falaises de Gironde","description":"Un site utilisant WordPress","publisher":{"@id":"https:\/\/eprcf33.fr\/#organization"},"potentialAction":[{"@type":"SearchAction","target":{"@type":"EntryPoint","urlTemplate":"https:\/\/eprcf33.fr\/?s={search_term_string}"},"query-input":"required name=search_term_string"}],"inLanguage":"fr-FR"},{"@type":"Organization","@id":"https:\/\/eprcf33.fr\/#organization","name":"eprcf 33 carri\u00e8res souterraines et falaises de Gironde","url":"https:\/\/eprcf33.fr\/","logo":{"@type":"ImageObject","inLanguage":"fr-FR","@id":"https:\/\/eprcf33.fr\/#\/schema\/logo\/image\/","url":"https:\/\/eprcf33.fr\/wp-content\/uploads\/2025\/07\/EPRCF-33-carrieres-falaises-logo-header-.png","contentUrl":"https:\/\/eprcf33.fr\/wp-content\/uploads\/2025\/07\/EPRCF-33-carrieres-falaises-logo-header-.png","width":425,"height":137,"caption":"eprcf 33 carri\u00e8res souterraines et falaises de Gironde"},"image":{"@id":"https:\/\/eprcf33.fr\/#\/schema\/logo\/image\/"}}]}},"_links":{"self":[{"href":"https:\/\/eprcf33.fr\/index.php\/wp-json\/wp\/v2\/pages\/168","targetHints":{"allow":["GET"]}}],"collection":[{"href":"https:\/\/eprcf33.fr\/index.php\/wp-json\/wp\/v2\/pages"}],"about":[{"href":"https:\/\/eprcf33.fr\/index.php\/wp-json\/wp\/v2\/types\/page"}],"author":[{"embeddable":true,"href":"https:\/\/eprcf33.fr\/index.php\/wp-json\/wp\/v2\/users\/1"}],"replies":[{"embeddable":true,"href":"https:\/\/eprcf33.fr\/index.php\/wp-json\/wp\/v2\/comments?post=168"}],"version-history":[{"count":27,"href":"https:\/\/eprcf33.fr\/index.php\/wp-json\/wp\/v2\/pages\/168\/revisions"}],"predecessor-version":[{"id":2196,"href":"https:\/\/eprcf33.fr\/index.php\/wp-json\/wp\/v2\/pages\/168\/revisions\/2196"}],"wp:attachment":[{"href":"https:\/\/eprcf33.fr\/index.php\/wp-json\/wp\/v2\/media?parent=168"}],"curies":[{"name":"wp","href":"https:\/\/api.w.org\/{rel}","templated":true}]}}