{"id":795,"date":"2020-03-16T18:39:43","date_gmt":"2020-03-16T17:39:43","guid":{"rendered":"http:\/\/eprcf33.fr\/?page_id=795"},"modified":"2025-09-27T02:00:59","modified_gmt":"2025-09-27T00:00:59","slug":"autres-missions","status":"publish","type":"page","link":"https:\/\/eprcf33.fr\/index.php\/autres-missions\/","title":{"rendered":"Autres missions"},"content":{"rendered":"[vc_row full_width=\u00a0\u00bbstretch_row_content_no_spaces\u00a0\u00bb css=\u00a0\u00bb.vc_custom_1580829797379{margin-bottom: 55px !important;}\u00a0\u00bb][vc_column][rev_slider_vc alias=\u00a0\u00bbeprcf33-autres-missions-2&Prime;][\/vc_column][\/vc_row][vc_row][vc_column][vc_empty_space][vc_column_text]\r\n<h1><span style=\"font-family: Roboto;\">EPRCF33 : AUTRES MISSIONS<\/span><\/h1>\r\n<span style=\"font-family: Roboto;\"><\/span>\r\n<p style=\"text-align: justify;\"><span style=\"font-family: Roboto;\">A titre plus exceptionnel, apr\u00e8s des catastrophes naturelles en lien avec les carri\u00e8res et falaises occasionnant d\u2019importants pr\u00e9judices financiers, notre syndicat <strong><span style=\"color: #81d742;\">EPRCF33<\/span><\/strong> accompagne les municipalit\u00e9s et les particuliers dans le montage de dossiers de demande de subventions au titre du <strong>fonds Barnier.<\/strong><\/span><\/p>\r\n<!-- \/wp:post-content -->[\/vc_column_text][\/vc_column][\/vc_row][vc_row full_width=\u00a0\u00bbstretch_row\u00a0\u00bb css=\u00a0\u00bb.vc_custom_1758931242955{background-color: #ded6cc !important;}\u00a0\u00bb][vc_column][vc_empty_space][vc_column_text]\r\n<p style=\"text-align: justify;\"><span style=\"font-family: Roboto;\">Par ailleurs, notre syndicat est impliqu\u00e9 dans des missions plus globales telles que\u00a0:<\/span><\/p>\r\n\r\n<ul>\r\n \t<li style=\"text-align: justify;\"><span style=\"font-family: Roboto;\">la collecte, l\u2019inventaire et la mise \u00e0 jour des informations concernant les carri\u00e8res souterraines et falaises de Gironde,<\/span><\/li>\r\n \t<li style=\"text-align: justify;\"><span style=\"font-family: Roboto;\">l\u2019\u00e9laboration de documents d\u2019information et de communication pour le public afin de sensibiliser la population aux risques carri\u00e8res et falaises,<\/span><\/li>\r\n \t<li style=\"text-align: justify;\"><span style=\"font-family: Roboto;\">et \u00e0 plus long terme\u00a0:\u00a0l\u2019am\u00e9lioration de notre connaissance g\u00e9otechnique du calcaire de Bordeaux qui constitue nos carri\u00e8res et falaises.<\/span><\/li>\r\n<\/ul>\r\n<!-- \/wp:paragraph -->[\/vc_column_text][\/vc_column][\/vc_row]<!-- \/wp:freeform -->","protected":false},"excerpt":{"rendered":"<p>[vc_row full_width=\u00a0\u00bbstretch_row_content_no_spaces\u00a0\u00bb css=\u00a0\u00bb.vc_custom_1580829797379{margin-bottom: 55px !important;}\u00a0\u00bb][vc_column][rev_slider_vc alias=\u00a0\u00bbeprcf33-autres-missions-2&Prime;][\/vc_column][\/vc_row][vc_row][vc_column][vc_empty_space][vc_column_text] EPRCF33 : AUTRES MISSIONS A titre plus exceptionnel, apr\u00e8s des catastrophes naturelles en lien avec les carri\u00e8res et falaises occasionnant d\u2019importants pr\u00e9judices financiers, notre syndicat EPRCF33 accompagne les municipalit\u00e9s et les particuliers dans le&hellip;<\/p>\n","protected":false},"author":1,"featured_media":0,"parent":0,"menu_order":0,"comment_status":"closed","ping_status":"closed","template":"templates\/no-sidebar.php","meta":{"footnotes":""},"class_list":["post-795","page","type-page","status-publish","hentry","entry","no-media"],"yoast_head":"<!-- This site is optimized with the Yoast SEO plugin v23.3 - https:\/\/yoast.com\/wordpress\/plugins\/seo\/ -->\n<title>Autres missions - eprcf 33 carri\u00e8res souterraines et falaises de Gironde<\/title>\n<meta name=\"robots\" content=\"index, follow, max-snippet:-1, max-image-preview:large, max-video-preview:-1\" \/>\n<link rel=\"canonical\" href=\"https:\/\/eprcf33.fr\/index.php\/autres-missions\/\" \/>\n<meta property=\"og:locale\" content=\"fr_FR\" \/>\n<meta property=\"og:type\" content=\"article\" \/>\n<meta property=\"og:title\" content=\"Autres missions - eprcf 33 carri\u00e8res souterraines et falaises de Gironde\" \/>\n<meta property=\"og:description\" content=\"[vc_row full_width=\u00a0\u00bbstretch_row_content_no_spaces\u00a0\u00bb css=\u00a0\u00bb.vc_custom_1580829797379{margin-bottom: 55px !important;}\u00a0\u00bb][vc_column][rev_slider_vc alias=\u00a0\u00bbeprcf33-autres-missions-2&Prime;][\/vc_column][\/vc_row][vc_row][vc_column][vc_empty_space][vc_column_text] EPRCF33 : AUTRES MISSIONS A titre plus exceptionnel, apr\u00e8s des catastrophes naturelles en lien avec les carri\u00e8res et falaises occasionnant d\u2019importants pr\u00e9judices financiers, notre syndicat EPRCF33 accompagne les municipalit\u00e9s et les particuliers dans le&hellip;\" \/>\n<meta property=\"og:url\" content=\"https:\/\/eprcf33.fr\/index.php\/autres-missions\/\" \/>\n<meta property=\"og:site_name\" content=\"eprcf 33 carri\u00e8res souterraines et falaises de Gironde\" \/>\n<meta property=\"article:modified_time\" content=\"2025-09-27T00:00:59+00:00\" \/>\n<meta name=\"twitter:card\" content=\"summary_large_image\" \/>\n<meta name=\"twitter:label1\" content=\"Dur\u00e9e de lecture estim\u00e9e\" \/>\n\t<meta name=\"twitter:data1\" content=\"1 minute\" \/>\n<script type=\"application\/ld+json\" class=\"yoast-schema-graph\">{\"@context\":\"https:\/\/schema.org\",\"@graph\":[{\"@type\":\"WebPage\",\"@id\":\"https:\/\/eprcf33.fr\/index.php\/autres-missions\/\",\"url\":\"https:\/\/eprcf33.fr\/index.php\/autres-missions\/\",\"name\":\"Autres missions - eprcf 33 carri\u00e8res souterraines et falaises de Gironde\",\"isPartOf\":{\"@id\":\"https:\/\/eprcf33.fr\/#website\"},\"datePublished\":\"2020-03-16T17:39:43+00:00\",\"dateModified\":\"2025-09-27T00:00:59+00:00\",\"breadcrumb\":{\"@id\":\"https:\/\/eprcf33.fr\/index.php\/autres-missions\/#breadcrumb\"},\"inLanguage\":\"fr-FR\",\"potentialAction\":[{\"@type\":\"ReadAction\",\"target\":[\"https:\/\/eprcf33.fr\/index.php\/autres-missions\/\"]}]},{\"@type\":\"BreadcrumbList\",\"@id\":\"https:\/\/eprcf33.fr\/index.php\/autres-missions\/#breadcrumb\",\"itemListElement\":[{\"@type\":\"ListItem\",\"position\":1,\"name\":\"Accueil\",\"item\":\"https:\/\/eprcf33.fr\/\"},{\"@type\":\"ListItem\",\"position\":2,\"name\":\"Autres missions\"}]},{\"@type\":\"WebSite\",\"@id\":\"https:\/\/eprcf33.fr\/#website\",\"url\":\"https:\/\/eprcf33.fr\/\",\"name\":\"eprcf 33 carri\u00e8res souterraines et falaises de Gironde\",\"description\":\"Un site utilisant WordPress\",\"publisher\":{\"@id\":\"https:\/\/eprcf33.fr\/#organization\"},\"potentialAction\":[{\"@type\":\"SearchAction\",\"target\":{\"@type\":\"EntryPoint\",\"urlTemplate\":\"https:\/\/eprcf33.fr\/?s={search_term_string}\"},\"query-input\":\"required name=search_term_string\"}],\"inLanguage\":\"fr-FR\"},{\"@type\":\"Organization\",\"@id\":\"https:\/\/eprcf33.fr\/#organization\",\"name\":\"eprcf 33 carri\u00e8res souterraines et falaises de Gironde\",\"url\":\"https:\/\/eprcf33.fr\/\",\"logo\":{\"@type\":\"ImageObject\",\"inLanguage\":\"fr-FR\",\"@id\":\"https:\/\/eprcf33.fr\/#\/schema\/logo\/image\/\",\"url\":\"https:\/\/eprcf33.fr\/wp-content\/uploads\/2025\/07\/EPRCF-33-carrieres-falaises-logo-header-.png\",\"contentUrl\":\"https:\/\/eprcf33.fr\/wp-content\/uploads\/2025\/07\/EPRCF-33-carrieres-falaises-logo-header-.png\",\"width\":425,\"height\":137,\"caption\":\"eprcf 33 carri\u00e8res souterraines et falaises de Gironde\"},\"image\":{\"@id\":\"https:\/\/eprcf33.fr\/#\/schema\/logo\/image\/\"}}]}<\/script>\n<!-- \/ Yoast SEO plugin. -->","yoast_head_json":{"title":"Autres missions - eprcf 33 carri\u00e8res souterraines et falaises de Gironde","robots":{"index":"index","follow":"follow","max-snippet":"max-snippet:-1","max-image-preview":"max-image-preview:large","max-video-preview":"max-video-preview:-1"},"canonical":"https:\/\/eprcf33.fr\/index.php\/autres-missions\/","og_locale":"fr_FR","og_type":"article","og_title":"Autres missions - eprcf 33 carri\u00e8res souterraines et falaises de Gironde","og_description":"[vc_row full_width=\u00a0\u00bbstretch_row_content_no_spaces\u00a0\u00bb css=\u00a0\u00bb.vc_custom_1580829797379{margin-bottom: 55px !important;}\u00a0\u00bb][vc_column][rev_slider_vc alias=\u00a0\u00bbeprcf33-autres-missions-2&Prime;][\/vc_column][\/vc_row][vc_row][vc_column][vc_empty_space][vc_column_text] EPRCF33 : AUTRES MISSIONS A titre plus exceptionnel, apr\u00e8s des catastrophes naturelles en lien avec les carri\u00e8res et falaises occasionnant d\u2019importants pr\u00e9judices financiers, notre syndicat EPRCF33 accompagne les municipalit\u00e9s et les particuliers dans le&hellip;","og_url":"https:\/\/eprcf33.fr\/index.php\/autres-missions\/","og_site_name":"eprcf 33 carri\u00e8res souterraines et falaises de Gironde","article_modified_time":"2025-09-27T00:00:59+00:00","twitter_card":"summary_large_image","twitter_misc":{"Dur\u00e9e de lecture estim\u00e9e":"1 minute"},"schema":{"@context":"https:\/\/schema.org","@graph":[{"@type":"WebPage","@id":"https:\/\/eprcf33.fr\/index.php\/autres-missions\/","url":"https:\/\/eprcf33.fr\/index.php\/autres-missions\/","name":"Autres missions - eprcf 33 carri\u00e8res souterraines et falaises de Gironde","isPartOf":{"@id":"https:\/\/eprcf33.fr\/#website"},"datePublished":"2020-03-16T17:39:43+00:00","dateModified":"2025-09-27T00:00:59+00:00","breadcrumb":{"@id":"https:\/\/eprcf33.fr\/index.php\/autres-missions\/#breadcrumb"},"inLanguage":"fr-FR","potentialAction":[{"@type":"ReadAction","target":["https:\/\/eprcf33.fr\/index.php\/autres-missions\/"]}]},{"@type":"BreadcrumbList","@id":"https:\/\/eprcf33.fr\/index.php\/autres-missions\/#breadcrumb","itemListElement":[{"@type":"ListItem","position":1,"name":"Accueil","item":"https:\/\/eprcf33.fr\/"},{"@type":"ListItem","position":2,"name":"Autres missions"}]},{"@type":"WebSite","@id":"https:\/\/eprcf33.fr\/#website","url":"https:\/\/eprcf33.fr\/","name":"eprcf 33 carri\u00e8res souterraines et falaises de Gironde","description":"Un site utilisant WordPress","publisher":{"@id":"https:\/\/eprcf33.fr\/#organization"},"potentialAction":[{"@type":"SearchAction","target":{"@type":"EntryPoint","urlTemplate":"https:\/\/eprcf33.fr\/?s={search_term_string}"},"query-input":"required name=search_term_string"}],"inLanguage":"fr-FR"},{"@type":"Organization","@id":"https:\/\/eprcf33.fr\/#organization","name":"eprcf 33 carri\u00e8res souterraines et falaises de Gironde","url":"https:\/\/eprcf33.fr\/","logo":{"@type":"ImageObject","inLanguage":"fr-FR","@id":"https:\/\/eprcf33.fr\/#\/schema\/logo\/image\/","url":"https:\/\/eprcf33.fr\/wp-content\/uploads\/2025\/07\/EPRCF-33-carrieres-falaises-logo-header-.png","contentUrl":"https:\/\/eprcf33.fr\/wp-content\/uploads\/2025\/07\/EPRCF-33-carrieres-falaises-logo-header-.png","width":425,"height":137,"caption":"eprcf 33 carri\u00e8res souterraines et falaises de Gironde"},"image":{"@id":"https:\/\/eprcf33.fr\/#\/schema\/logo\/image\/"}}]}},"_links":{"self":[{"href":"https:\/\/eprcf33.fr\/index.php\/wp-json\/wp\/v2\/pages\/795","targetHints":{"allow":["GET"]}}],"collection":[{"href":"https:\/\/eprcf33.fr\/index.php\/wp-json\/wp\/v2\/pages"}],"about":[{"href":"https:\/\/eprcf33.fr\/index.php\/wp-json\/wp\/v2\/types\/page"}],"author":[{"embeddable":true,"href":"https:\/\/eprcf33.fr\/index.php\/wp-json\/wp\/v2\/users\/1"}],"replies":[{"embeddable":true,"href":"https:\/\/eprcf33.fr\/index.php\/wp-json\/wp\/v2\/comments?post=795"}],"version-history":[{"count":12,"href":"https:\/\/eprcf33.fr\/index.php\/wp-json\/wp\/v2\/pages\/795\/revisions"}],"predecessor-version":[{"id":2108,"href":"https:\/\/eprcf33.fr\/index.php\/wp-json\/wp\/v2\/pages\/795\/revisions\/2108"}],"wp:attachment":[{"href":"https:\/\/eprcf33.fr\/index.php\/wp-json\/wp\/v2\/media?parent=795"}],"curies":[{"name":"wp","href":"https:\/\/api.w.org\/{rel}","templated":true}]}}